{"id":1808,"date":"2025-11-13T16:43:03","date_gmt":"2025-11-13T19:43:03","guid":{"rendered":"https:\/\/etmoron-bue.infd.edu.ar\/sitio\/?page_id=1808"},"modified":"2026-02-23T19:05:17","modified_gmt":"2026-02-23T22:05:17","slug":"recursero","status":"publish","type":"page","link":"https:\/\/etmoron-bue.infd.edu.ar\/sitio\/recursero\/","title":{"rendered":"RECURSERO"},"content":{"rendered":"\n<p><strong>RECURSERO CONTACTOS DE SALUD\/ OTROS-ETM<\/strong><\/p>\n\n\n\n<p><strong>107&nbsp; SAME&nbsp;<\/strong><\/p>\n\n\n\n<p><strong>46092290 desde celulares<\/strong><\/p>\n\n\n\n<p><strong>URGENCIAS O RIESGO DE VIDA IOMA<\/strong><\/p>\n\n\n\n<p><strong>0800-333-1128<\/strong><\/p>\n\n\n\n<p><strong>L\u00cdNEA DE PREVENCI\u00d3N DEL SUICIDIO<\/strong><\/p>\n\n\n\n<p><strong>135&nbsp;<\/strong><\/p>\n\n\n\n<p><strong>(011)5275-1135<\/strong><\/p>\n\n\n\n<p><strong>0800 345 1435<\/strong><\/p>\n\n\n\n<p><strong>SALUD MENTAL IOMA 24HS<\/strong><\/p>\n\n\n\n<p><strong>0800-333-1988&nbsp;<\/strong><\/p>\n\n\n\n<p><strong>SALUD MENTAL<\/strong><\/p>\n\n\n\n<p><strong>0800-222-5462&nbsp;<\/strong><\/p>\n\n\n\n<p><strong>INSTITUCI\u00d3N ULLOA:<\/strong><\/p>\n\n\n\n<p><strong>15-2159-5457 brindan tratamiento psicol\u00f3gico de&nbsp; aproximadamente 8 meses y el paciente paga lo que puede.<\/strong><\/p>\n\n\n\n<p>ACOMPA\u00d1AMIENTO EDUCATIVO EN TU BARRIO (MUNICIPIO DE MOR\u00d3N)<br>4133 3347<br>dir.pol.art.educ@moron.gob.ar<\/p>\n\n\n\n<p>ARTICULACI\u00d3N Y ENLACE EDUCATIVO MOR\u00d3N (referentes por grupos)<br>1161479616<\/p>\n\n\n\n<p>Sof\u00eda Cordeiro (Escuelas pertenecientes a UGC 1, 2 Y 8)<br>116750 7545<\/p>\n\n\n\n<p>Matheo Pugliese (Escuelas pertenecientes a UCG 4, 11 Y 14)<br>11 2648 6045<\/p>\n\n\n\n<p>Ana Fogeman (Escuelas pertenecientes a UGC 3, 7, 12 Y 13)<br>116423 9320<\/p>\n\n\n\n<p>Agostina Trefilio (Escuelas pertenecientes a UGC 5, 6, 9 Y 1O)<br>116432 8791)<\/p>\n\n\n\n<p>APOYO ESCOLAR EMA\u00daS (En Capilla Cristo Rey)<br>S\u00e1bados de 10:30 a 12 hs. Capilla Cristo Rey (Maestra Rocha Montarc\u00e9 2000)<br>Realizar previo contacto desde el EOE.<br>Actualmente asisten ni\u00f1os de EP y de 1\u00ba a\u00f1o de la ES.<br>El espacio est\u00e1 a cargo de una maestra que supervisa y el apoyo lo brindan estudiantes de carreras afines.<\/p>\n\n\n\n<p>APOYO ESCOLAR BARRIO CARLOS GARDEL<br>Funciona en el Monoblock 4. PB. Acceso 13.<br>Mi\u00e9rcoles de 10 a 12 hs y S\u00e1bados de 10 a 14 hs.<br>Blog: https\/\/formacioncompartida\/blogspost.com\/<br>IG: @apoyocarlosgardel<br>Wsp: 1154680300<\/p>\n\n\n\n<p>ARENIL<br>Pres. Domingo Faustino Sarmiento 1220. Mor\u00f3n<br>4627- 2580\/ 2584\/ 4628- 9260<br>Psicopedagog\u00eda ($1500)<br>Psicolog\u00eda ($1400)<\/p>\n\n\n\n<p>ATRAVESARTE (Centro Terap\u00e9utico Municipal)<br>Arrecifes 947, Castelar<br>4661- 6049<\/p>\n\n\n\n<p>ASOCIACI\u00d3N CIVIL \u00abLUCHEMOS POR LA VIDA\u00bb<br>Bogot\u00e1 2348. Planta baja A.<br>www.luchemos.org.ar<br>4637- 8090\/ 4611- 4060<\/p>\n\n\n\n<p>ALCO<br>Central: 4704- 0677 (tienen grupos juveniles y para ni\u00f1xs que funcionan en zona oeste).<\/p>\n\n\n\n<p>ABUELA NATURALEZA<br>https:\/\/www.abuelanaturaleza.org.ar\/<\/p>\n\n\n\n<p>\u00c1GORA LUDUS<br>Av. Segunda Rivadavia 15300 (y Las Casas, Haedo).<br>agoraludus@gmail.com<br>Facebook: Agora Ludus<br>Juegoteca comunitaria y Juegoteca m\u00f3vil.<br>Espacio de formaci\u00f3n: Promotores l\u00fadicos comunitarios.<\/p>\n\n\n\n<p>ASOCIACI\u00d3N TRANS<br>Rerente: Juli\u00e1n Monteleone 112452-9853.<\/p>\n\n\n\n<p><strong>G\u00c9NERO<\/strong><\/p>\n\n\n\n<p><strong>*144<\/strong><\/p>\n\n\n\n<p><strong>Asesoramiento, contenci\u00f3n y derivaci\u00f3n para las v\u00edctimas de violencia de g\u00e9nero.&nbsp;<\/strong><\/p>\n\n\n\n<p><strong>Centro Vivir sin violencia. <\/strong><em>Secretar\u00eda de mujeres, g\u00e9neros, diversidad y derechos humanos de Mor\u00f3n.&nbsp;<\/em><\/p>\n\n\n\n<p>Mendoza 289. Tel\u00e9fono 4629-6272<\/p>\n\n\n\n<figure class=\"wp-block-embed\"><div class=\"wp-block-embed__wrapper\">\nhttps:\/\/share.google\/Fuzpy5KhdzH2H3ugx\n<\/div><\/figure>\n\n\n\n<p><strong>Ministerio de las mujeres, provincia de Buenos Aires.&nbsp;<\/strong><\/p>\n\n\n\n<figure class=\"wp-block-embed\"><div class=\"wp-block-embed__wrapper\">\nhttps:\/\/ministeriodelasmujeres.gba.gob.ar\/bonaerenses_solidariasysolidarios\/pdf\/MORON.pdf\n<\/div><\/figure>\n\n\n\n<figure class=\"wp-block-image size-full\"><img decoding=\"async\" loading=\"lazy\" width=\"1117\" height=\"1599\" src=\"https:\/\/etmoron-bue.infd.edu.ar\/sitio\/wp-content\/uploads\/2025\/11\/image.jpeg\" alt=\"\" class=\"wp-image-1810\" srcset=\"https:\/\/etmoron-bue.infd.edu.ar\/sitio\/wp-content\/uploads\/2025\/11\/image.jpeg 1117w, https:\/\/etmoron-bue.infd.edu.ar\/sitio\/wp-content\/uploads\/2025\/11\/image-699x1000.jpeg 699w, https:\/\/etmoron-bue.infd.edu.ar\/sitio\/wp-content\/uploads\/2025\/11\/image-768x1099.jpeg 768w, https:\/\/etmoron-bue.infd.edu.ar\/sitio\/wp-content\/uploads\/2025\/11\/image-1073x1536.jpeg 1073w\" sizes=\"(max-width: 1117px) 100vw, 1117px\" \/><\/figure>\n\n\n\n<figure class=\"wp-block-image size-full\"><img decoding=\"async\" loading=\"lazy\" width=\"1156\" height=\"1600\" src=\"https:\/\/etmoron-bue.infd.edu.ar\/sitio\/wp-content\/uploads\/2025\/11\/image-1.jpeg\" alt=\"\" class=\"wp-image-1811\" srcset=\"https:\/\/etmoron-bue.infd.edu.ar\/sitio\/wp-content\/uploads\/2025\/11\/image-1.jpeg 1156w, https:\/\/etmoron-bue.infd.edu.ar\/sitio\/wp-content\/uploads\/2025\/11\/image-1-723x1000.jpeg 723w, https:\/\/etmoron-bue.infd.edu.ar\/sitio\/wp-content\/uploads\/2025\/11\/image-1-768x1063.jpeg 768w, https:\/\/etmoron-bue.infd.edu.ar\/sitio\/wp-content\/uploads\/2025\/11\/image-1-1110x1536.jpeg 1110w\" sizes=\"(max-width: 1156px) 100vw, 1156px\" \/><\/figure>\n\n\n\n<figure class=\"wp-block-image size-full\"><img decoding=\"async\" loading=\"lazy\" width=\"1117\" height=\"1599\" src=\"https:\/\/etmoron-bue.infd.edu.ar\/sitio\/wp-content\/uploads\/2025\/11\/image.jpeg\" alt=\"\" class=\"wp-image-1809\" srcset=\"https:\/\/etmoron-bue.infd.edu.ar\/sitio\/wp-content\/uploads\/2025\/11\/image.jpeg 1117w, https:\/\/etmoron-bue.infd.edu.ar\/sitio\/wp-content\/uploads\/2025\/11\/image-699x1000.jpeg 699w, https:\/\/etmoron-bue.infd.edu.ar\/sitio\/wp-content\/uploads\/2025\/11\/image-768x1099.jpeg 768w, https:\/\/etmoron-bue.infd.edu.ar\/sitio\/wp-content\/uploads\/2025\/11\/image-1073x1536.jpeg 1073w\" sizes=\"(max-width: 1117px) 100vw, 1117px\" \/><\/figure>\n\n\n\n<p><strong>*GUARDIAS de&nbsp; PSIQUIATR\u00cdA en Pcia de BS AS*&nbsp;<\/strong><\/p>\n\n\n\n<p><strong>EN PROVINCIA&nbsp;&#8211; ZONA NORTE<\/strong><\/p>\n\n\n\n<p><strong>-Hosp. Zonal Gral. de Agudos \u201cMagdalena V. de Martinez\u201d<\/strong><\/p>\n\n\n\n<p><strong>Ruta 9 Constituyentes N 400 Gral. Pacheco Tigre(1648)<\/strong><\/p>\n\n\n\n<p><strong>Conm: 4736-0144\/0135\/0132\/0157\/0154 Fax:4736-0175<\/strong><\/p>\n\n\n\n<p><strong>-Hosp. Zonal General de Ag. \u201cGral. Manuel Belgrano\u201d<\/strong><\/p>\n\n\n\n<p><strong>Avda. de los Constituyentes N3120 Villa Zagala San Martn (1650)<\/strong><\/p>\n\n\n\n<p><strong>4752-8450 Conm: 4755-2228\/ 3380 Fax:4752-8450<\/strong><\/p>\n\n\n\n<p><strong>-Hosp. Zonal Gral. de Agudos \u201cPetrona V. de Cordero\u201d<\/strong><\/p>\n\n\n\n<p><strong>Belgrano 1955 San Fernando (1646)<\/strong><\/p>\n\n\n\n<p><strong>4744-2693\/5885\/2624\/3374\/4557\/4770 Conm: 4745-5919 Fax:4745-5919<\/strong><\/p>\n\n\n\n<p><strong>-Hosp. Zonal General \u201cDr. E. F. Erill\u201d<\/strong><\/p>\n\n\n\n<p><strong>Galvez s\/n Escobar (1625)<\/strong><\/p>\n\n\n\n<p><strong>03488-433191\/433130 Conm: 03488-433130 Fax:03488-433181<\/strong><\/p>\n\n\n\n<p><strong>-Hosp. Zonal General de Agudos \u201cGobernador Domingo Mercante\u201d<\/strong><\/p>\n\n\n\n<p><strong>Cnel. Suarez N 800 Jose C. Paz (1665)<\/strong><\/p>\n\n\n\n<p><strong>Conm: 02320-44-0000\/0080 Fax:02320-433333<\/strong><\/p>\n\n\n\n<p><strong>-Hosp. Zonal Gral. Agudo \u201cVirgen del Carmen\u201d<\/strong><\/p>\n\n\n\n<p><strong>Felix Pagola N1502 Villa Mazzoni &#8211; Zrate (2800)<\/strong><\/p>\n\n\n\n<p><strong>03487-422300\/423166\/ 423060 Fax: 03487-423060<\/strong><\/p>\n\n\n\n<p><strong>Con internaci\u00f3n psiqui\u00e1trica<\/strong><\/p>\n\n\n\n<p><strong>-Hosp. Interzonal Gral. de Agudos \u201cEva Per\u00f3n\u201d<\/strong><\/p>\n\n\n\n<p><strong>Balcarce N 900 Gral. San Martn (1650)<\/strong><\/p>\n\n\n\n<p><strong>4724-3024\/3022\/3143 Conm: 4724-3000 al 10 Fax: 4753-1596 4724-1105<\/strong><\/p>\n\n\n\n<p><strong>Con internaci\u00f3n psiqui\u00e1trica<\/strong><\/p>\n\n\n\n<p><strong>EN PROVINCIA&nbsp;&#8211; ZONA OESTE<\/strong><\/p>\n\n\n\n<p><strong>-Hospital Posadas<\/strong><\/p>\n\n\n\n<p><strong>Av. Marconi y Pte. Illia \u2022 El Palomar (C.P. 1684)<\/strong><\/p>\n\n\n\n<p><strong>Buenos Aires, Argentina \u2022 Tel.&nbsp;(011) 4469-9300<\/strong><\/p>\n\n\n\n<p><strong>-Hosp. Interz. General Agudos \u201cProf. G\u00fcemes\u201d<\/strong><\/p>\n\n\n\n<p><strong>Rivadavia 15000 Haedo &#8211; Mor\u00f3n (1706)<\/strong><\/p>\n\n\n\n<p><strong>4659-1535 Conm: 4659-2011\/18 int. 185 Fax:4650-1419<\/strong><\/p>\n\n\n\n<p><strong>-Hosp. Zonal General Agudos \u201cH\u00e9roes de Malvinas\u201d<\/strong><\/p>\n\n\n\n<p><strong>R. Balbn 1910 &#8211; Merlo (1722)<\/strong><\/p>\n\n\n\n<p><strong>0220-4859114 Conm: 0220-\/4833333 \/4831777\/485-8886\/9114 Fax:0220-4859322<\/strong><\/p>\n\n\n\n<p><strong>-Hosp. Zonal General de Agudos \u201cDr. R. Carrillo\u201d<\/strong><\/p>\n\n\n\n<p><strong>Irigoyen 1055 Ciudadela Tres de Febrero (1702)<\/strong><\/p>\n\n\n\n<p><strong>4657-2015 Conm: 4653-1061\/65 4653\/8567 Fax:4657-2015<\/strong><\/p>\n\n\n\n<p><strong>-Hospital Interz. General de Agudos \u201cVte. L\u00f3pez y Planes\u201d<\/strong><\/p>\n\n\n\n<p><strong>Alem y 25 de Mayo &#8211; Gral. Rodrguez (1748)<\/strong><\/p>\n\n\n\n<p><strong>0237-4841782 Conm: 0323-0022\/0432\/4853\/4829\/3830\/4210<\/strong><\/p>\n\n\n\n<p><strong>-Hosp. Zonal \u201cMariano y Luciano de la Vega\u201d<\/strong><\/p>\n\n\n\n<p><strong>Libertador N 710 &#8211; Moreno(1744)<\/strong><\/p>\n\n\n\n<p><strong>0237-4632328\/4620039 Conm: 0237-4625946\/5954\/0038\/5316\/5317<\/strong><\/p>\n\n\n\n<p><strong>-Hospital Interzonal Especializado Neuropsiqui\u00e1trico Colonia \u201cDr. Domingo Cabred\u201d<\/strong><\/p>\n\n\n\n<p><strong>Av. Dr. Cabred y Filiberto S\/NOpen Door &#8211; Lujan (6708)<\/strong><\/p>\n\n\n\n<p><strong>02323-4966515\/6682\/6699\/6405<\/strong><\/p>\n\n\n\n<p><strong>ZONA LA MATANZA<\/strong><\/p>\n\n\n\n<p><strong>-Hosp. Zonal. General Agudos \u201cDr. Paroissien\u201d<\/strong><\/p>\n\n\n\n<p><strong>Ruta 3 km 21 &#8211; Isidro Casanova &#8211; La Matanza (1754)<\/strong><\/p>\n\n\n\n<p><strong>4669-3440 Conm: 4669-3590\/3490 3340\/3390 int. 193 Fax: 4669-3140<\/strong><\/p>\n\n\n\n<p><strong>Con atenci\u00f3n ambulatoria y con internaci\u00f3n psiqui\u00e1trica<\/strong><\/p>\n\n\n\n<p><strong>EN PROVINCIA&nbsp;&#8211; ZONA SUR<\/strong><\/p>\n\n\n\n<p><strong>-Hosp. Zonal Gral. de Agudos \u201cLucio Mel\u00e9ndez\u201d<\/strong><\/p>\n\n\n\n<p><strong>Pte. Peron N 859 &#8211; Adrogue &#8211; Alte. Brown (1846)<\/strong><\/p>\n\n\n\n<p><strong>4294-9514 Conm: 4294-5555\/1313 7196\/9515 Fax:4294-9514<\/strong><\/p>\n\n\n\n<p><strong>-Hosp. Interz. Gral. de Agudos \u201cPedro Fiorito\u201d<\/strong><\/p>\n\n\n\n<p><strong>Belgrano 851 &#8211; Avellaneda (1870)<\/strong><\/p>\n\n\n\n<p><strong>4201-5760 Conm: 4201-3081\/3087 5555\/1869 Fax:4201-5760<\/strong><\/p>\n\n\n\n<p><strong>H.I.G.A. \u201cPresidente Per\u00f3n\u201d<\/strong><\/p>\n\n\n\n<p><strong>Anatole France 773 &#8211; Sarandi &#8211; Avellaneda (1870)<\/strong><\/p>\n\n\n\n<p><strong>4204-0133 Conm: 4204-1021\/29 Fax:4204-0133<\/strong><\/p>\n\n\n\n<p><strong>Hospital Zonal General Agudos \u201cEvita Pueblo\u201d<\/strong><\/p>\n\n\n\n<p><strong>136 e\/ 27 y 28 &#8211; Berazategui (1884)<\/strong><\/p>\n\n\n\n<p><strong>4223-2737 Conm: 4223-2733 4223-2992\/97 Fax:4223-2995<\/strong><\/p>\n\n\n\n<p><strong>-Hosp. Zonal Gral de Agudos \u201cTeresa de Calcuta\u201d<\/strong><\/p>\n\n\n\n<p><strong>R. Payr 351 &#8211; Ezeiza &#8211; E. Echeverra (1804)<\/strong><\/p>\n\n\n\n<p><strong>4480-0265 Conm: 4480-0555\/0515\/ 0317 Fax:4480-0265<\/strong><\/p>\n\n\n\n<p><strong>-Hosp. Zonal General de Agudos \u201cNarciso L\u00f3pez\u201d<\/strong><\/p>\n\n\n\n<p><strong>O\u2019Higgins 1333 &#8211; Lans Este (1824)<\/strong><\/p>\n\n\n\n<p><strong>4241-5377 Conm: 4241-2749\/2294 4184\/4240&nbsp;Fax: 4241-5377<\/strong><\/p>\n\n\n\n<p><strong>-Hosp. Local General de Agudos \u201cDr. A. Melo\u201d<\/strong><\/p>\n\n\n\n<p><strong>v. V. Lujn 3050 &#8211; Remedios de EscaladaLans (1824)<\/strong><\/p>\n\n\n\n<p><strong>4289-4584 Conm: 4246-4530\/4525\/0608\/6491 &nbsp;Fax:4289-4584<\/strong><\/p>\n\n\n\n<p><strong>-Hosp. Zonal General de Agudos \u201cDr. Iriarte\u201d<\/strong><\/p>\n\n\n\n<p><strong>Allison Bell 770 &#8211; Quilmes (1878)<\/strong><\/p>\n\n\n\n<p><strong>4253-2690 Conm: 4253-0438\/6021\/6022\/6023 Fax:4253-2690<\/strong><\/p>\n\n\n\n<p><strong>-Hospital Zonal General Agudos \u201cDr. A. O\u00f1ativia\u201d<\/strong><\/p>\n\n\n\n<p><strong>Ramon Carrillo 1339 &#8211; Rafael Calzada &#8211; Alte. Brown (1847)<\/strong><\/p>\n\n\n\n<p><strong>4219-5045 Conm: 4219-5040\/5044\/48\/46 Fax:4219-5049<\/strong><\/p>\n\n\n\n<p><strong>-H.I.G.A. \u201cLuisa C. de Gandulfo\u201d<\/strong><\/p>\n\n\n\n<p><strong>Balcarce 351 &#8211; Lomas de Zamora (1832)<\/strong><\/p>\n\n\n\n<p><strong>4243-3493 Conm: 4292-6703 4244-5841\/2263\/0232\/1917\/9099<\/strong><\/p>\n\n\n\n<p><strong>-Hosp. Zonal General de Agudos \u201cMi pueblo\u201d<\/strong><\/p>\n\n\n\n<p><strong>Progreso 240 &#8211; Florencio Varela (1888)<\/strong><\/p>\n\n\n\n<p><strong>4355-3316 Conm: 4237-2913 Fax:4287-6422<\/strong><\/p>\n\n\n\n<p><strong>-Hosp. Interzonal General de Agudos \u201cEvita\u201d<\/strong><\/p>\n\n\n\n<p><strong>Ro de Janeiro 1910 &#8211; Lanus (1826)<\/strong><\/p>\n\n\n\n<p><strong>4241-6122 Conm: 4241-4050\/9 5186\/5189 Fax:4241-6122<\/strong><\/p>\n\n\n\n<p><strong>con consultorios externos e internaci\u00f3n psiqui\u00e1trica<\/strong><\/p>\n\n\n\n<p><strong>-Hospital Interzonal Jos\u00e9 A. Est\u00e9ves<\/strong><\/p>\n\n\n\n<p><strong>Garibaldi N 1661 Temperley Lomas de Zamora (1834)<\/strong><\/p>\n\n\n\n<p><strong>011-42984880\/0091 al 93<\/strong><\/p>\n\n\n\n<p><strong>Hospital Psiqui\u00e1trico Monovalente&nbsp;<\/strong><\/p>\n","protected":false},"excerpt":{"rendered":"<p>RECURSERO CONTACTOS DE SALUD\/ OTROS-ETM 107&nbsp; SAME&nbsp; 46092290 desde celulares URGENCIAS O RIESGO DE VIDA IOMA 0800-333-1128 L\u00cdNEA DE PREVENCI\u00d3N DEL SUICIDIO 135&nbsp; (011)5275-1135 0800 345 1435 SALUD MENTAL IOMA 24HS 0800-333-1988&nbsp; SALUD MENTAL 0800-222-5462&nbsp; INSTITUCI\u00d3N ULLOA: 15-2159-5457 brindan tratamiento psicol\u00f3gico de&nbsp; aproximadamente 8 meses y el paciente paga lo que puede. ACOMPA\u00d1AMIENTO EDUCATIVO EN &#8230; <a title=\"RECURSERO\" class=\"read-more\" href=\"https:\/\/etmoron-bue.infd.edu.ar\/sitio\/recursero\/\" aria-label=\"More on RECURSERO\">[+]<\/a><\/p>\n","protected":false},"author":6,"featured_media":0,"parent":0,"menu_order":0,"comment_status":"closed","ping_status":"closed","template":"","meta":[],"acf":[],"_links":{"self":[{"href":"https:\/\/etmoron-bue.infd.edu.ar\/sitio\/wp-json\/wp\/v2\/pages\/1808"}],"collection":[{"href":"https:\/\/etmoron-bue.infd.edu.ar\/sitio\/wp-json\/wp\/v2\/pages"}],"about":[{"href":"https:\/\/etmoron-bue.infd.edu.ar\/sitio\/wp-json\/wp\/v2\/types\/page"}],"author":[{"embeddable":true,"href":"https:\/\/etmoron-bue.infd.edu.ar\/sitio\/wp-json\/wp\/v2\/users\/6"}],"replies":[{"embeddable":true,"href":"https:\/\/etmoron-bue.infd.edu.ar\/sitio\/wp-json\/wp\/v2\/comments?post=1808"}],"version-history":[{"count":2,"href":"https:\/\/etmoron-bue.infd.edu.ar\/sitio\/wp-json\/wp\/v2\/pages\/1808\/revisions"}],"predecessor-version":[{"id":1882,"href":"https:\/\/etmoron-bue.infd.edu.ar\/sitio\/wp-json\/wp\/v2\/pages\/1808\/revisions\/1882"}],"wp:attachment":[{"href":"https:\/\/etmoron-bue.infd.edu.ar\/sitio\/wp-json\/wp\/v2\/media?parent=1808"}],"curies":[{"name":"wp","href":"https:\/\/api.w.org\/{rel}","templated":true}]}}