{"id":1212,"date":"2025-02-17T19:18:09","date_gmt":"2025-02-17T22:18:09","guid":{"rendered":"https:\/\/etmoron-bue.infd.edu.ar\/sitio\/?page_id=1212"},"modified":"2025-11-01T10:38:06","modified_gmt":"2025-11-01T13:38:06","slug":"tecnicatura-en-actuacion","status":"publish","type":"page","link":"https:\/\/etmoron-bue.infd.edu.ar\/sitio\/tecnicatura-en-actuacion\/","title":{"rendered":"TECNICATURA EN ACTUACI\u00d3N"},"content":{"rendered":"\n<p>Si el teatro es tu vocaci\u00f3n, tu pasi\u00f3n, tu futuro y tu fuente laboral, la carrera de actor o actriz profesional te brindar\u00e1 las herramientas para enfrentar aut\u00f3nomamente las m\u00faltiples&nbsp; alternativas que genera la actividad,&nbsp; formando un profesional con una s\u00f3lida base de conocimientos te\u00f3ricos, t\u00e9cnicos y pr\u00e1cticos. El \u00e1mbito laboral del actor o actriz profesional se encuentra en teatros, canales de televisi\u00f3n, cine, publicidad, radios, productoras de eventos y \u00e1reas culturales de la administraci\u00f3n p\u00fablica o privada.<\/p>\n\n\n\n<p class=\"has-luminous-vivid-amber-to-luminous-vivid-orange-gradient-background has-background\">Duraci\u00f3n: tres a\u00f1os&nbsp;<\/p>\n\n\n\n<p><img decoding=\"async\" loading=\"lazy\" src=\"blob:https:\/\/etmoron-bue.infd.edu.ar\/6bcc7093-eb66-4519-bb8a-3ce8db17e336\" width=\"602\" height=\"404\"><\/p>\n","protected":false},"excerpt":{"rendered":"<p>Si el teatro es tu vocaci\u00f3n, tu pasi\u00f3n, tu futuro y tu fuente laboral, la carrera de actor o actriz profesional te brindar\u00e1 las herramientas para enfrentar aut\u00f3nomamente las m\u00faltiples&nbsp; alternativas que genera la actividad,&nbsp; formando un profesional con una s\u00f3lida base de conocimientos te\u00f3ricos, t\u00e9cnicos y pr\u00e1cticos. El \u00e1mbito laboral del actor o actriz &#8230; <a title=\"TECNICATURA EN ACTUACI\u00d3N\" class=\"read-more\" href=\"https:\/\/etmoron-bue.infd.edu.ar\/sitio\/tecnicatura-en-actuacion\/\" aria-label=\"More on TECNICATURA EN ACTUACI\u00d3N\">[+]<\/a><\/p>\n","protected":false},"author":715,"featured_media":0,"parent":0,"menu_order":0,"comment_status":"closed","ping_status":"closed","template":"","meta":[],"acf":[],"_links":{"self":[{"href":"https:\/\/etmoron-bue.infd.edu.ar\/sitio\/wp-json\/wp\/v2\/pages\/1212"}],"collection":[{"href":"https:\/\/etmoron-bue.infd.edu.ar\/sitio\/wp-json\/wp\/v2\/pages"}],"about":[{"href":"https:\/\/etmoron-bue.infd.edu.ar\/sitio\/wp-json\/wp\/v2\/types\/page"}],"author":[{"embeddable":true,"href":"https:\/\/etmoron-bue.infd.edu.ar\/sitio\/wp-json\/wp\/v2\/users\/715"}],"replies":[{"embeddable":true,"href":"https:\/\/etmoron-bue.infd.edu.ar\/sitio\/wp-json\/wp\/v2\/comments?post=1212"}],"version-history":[{"count":3,"href":"https:\/\/etmoron-bue.infd.edu.ar\/sitio\/wp-json\/wp\/v2\/pages\/1212\/revisions"}],"predecessor-version":[{"id":1678,"href":"https:\/\/etmoron-bue.infd.edu.ar\/sitio\/wp-json\/wp\/v2\/pages\/1212\/revisions\/1678"}],"wp:attachment":[{"href":"https:\/\/etmoron-bue.infd.edu.ar\/sitio\/wp-json\/wp\/v2\/media?parent=1212"}],"curies":[{"name":"wp","href":"https:\/\/api.w.org\/{rel}","templated":true}]}}